[INFO] cloning repository https://github.com/huonw/multibuilder
[INFO] running `Command { std: "git" "-c" "credential.helper=" "-c" "credential.helper=/workspace/cargo-home/bin/git-credential-null" "clone" "--bare" "https://github.com/huonw/multibuilder" "/workspace/cache/git-repos/https%3A%2F%2Fgithub.com%2Fhuonw%2Fmultibuilder", kill_on_drop: false }`
[INFO] [stderr] Cloning into bare repository '/workspace/cache/git-repos/https%3A%2F%2Fgithub.com%2Fhuonw%2Fmultibuilder'...
[INFO] running `Command { std: "git" "rev-parse" "HEAD", kill_on_drop: false }`
[INFO] [stdout] 3a651a72b276ee45ff66f588414f5fded4a04391
[INFO] building huonw/multibuilder against master#881c1ac408d93bb7adaa3a51dabab9266e82eee8 for issue-85264
[INFO] running `Command { std: "git" "clone" "/workspace/cache/git-repos/https%3A%2F%2Fgithub.com%2Fhuonw%2Fmultibuilder" "/workspace/builds/worker-12/source", kill_on_drop: false }`
[INFO] [stderr] Cloning into '/workspace/builds/worker-12/source'...
[INFO] [stderr] done.
[INFO] validating manifest of git repo https://github.com/huonw/multibuilder on toolchain 881c1ac408d93bb7adaa3a51dabab9266e82eee8
[INFO] running `Command { std: "/workspace/cargo-home/bin/cargo" "+881c1ac408d93bb7adaa3a51dabab9266e82eee8" "metadata" "--manifest-path" "Cargo.toml" "--no-deps", kill_on_drop: false }`
[INFO] started tweaking git repo https://github.com/huonw/multibuilder
[INFO] finished tweaking git repo https://github.com/huonw/multibuilder
[INFO] tweaked toml for git repo https://github.com/huonw/multibuilder written to /workspace/builds/worker-12/source/Cargo.toml
[INFO] crate git repo https://github.com/huonw/multibuilder already has a lockfile, it will not be regenerated
[INFO] running `Command { std: "/workspace/cargo-home/bin/cargo" "+881c1ac408d93bb7adaa3a51dabab9266e82eee8" "fetch" "--manifest-path" "Cargo.toml", kill_on_drop: false }`
[INFO] [stderr]     Updating git repository `https://github.com/rust-lang/glob`
[INFO] running `Command { std: "docker" "create" "-v" "/var/lib/crater-agent-workspace/builds/worker-12/target:/opt/rustwide/target:rw,Z" "-v" "/var/lib/crater-agent-workspace/builds/worker-12/source:/opt/rustwide/workdir:ro,Z" "-v" "/var/lib/crater-agent-workspace/cargo-home:/opt/rustwide/cargo-home:ro,Z" "-v" "/var/lib/crater-agent-workspace/rustup-home:/opt/rustwide/rustup-home:ro,Z" "-e" "SOURCE_DIR=/opt/rustwide/workdir" "-e" "CARGO_TARGET_DIR=/opt/rustwide/target" "-e" "CARGO_HOME=/opt/rustwide/cargo-home" "-e" "RUSTUP_HOME=/opt/rustwide/rustup-home" "-w" "/opt/rustwide/workdir" "-m" "1610612736" "--user" "0:0" "--network" "none" "ghcr.io/rust-lang/crates-build-env/linux@sha256:20528e8c29e4536546f0102ce88568b16ea7538393a33fcca951030f7af10457" "/opt/rustwide/cargo-home/bin/cargo" "+881c1ac408d93bb7adaa3a51dabab9266e82eee8" "metadata" "--no-deps" "--format-version=1", kill_on_drop: false }`
[INFO] [stdout] 9b2dcc649d04a1da0339de8516da91a5dd58ef9fc3a742c67e22cbbcebd1b119
[INFO] [stderr] WARNING: Your kernel does not support swap limit capabilities or the cgroup is not mounted. Memory limited without swap.
[INFO] running `Command { std: "docker" "start" "-a" "9b2dcc649d04a1da0339de8516da91a5dd58ef9fc3a742c67e22cbbcebd1b119", kill_on_drop: false }`
[INFO] running `Command { std: "docker" "inspect" "9b2dcc649d04a1da0339de8516da91a5dd58ef9fc3a742c67e22cbbcebd1b119", kill_on_drop: false }`
[INFO] running `Command { std: "docker" "rm" "-f" "9b2dcc649d04a1da0339de8516da91a5dd58ef9fc3a742c67e22cbbcebd1b119", kill_on_drop: false }`
[INFO] [stdout] 9b2dcc649d04a1da0339de8516da91a5dd58ef9fc3a742c67e22cbbcebd1b119
[INFO] running `Command { std: "docker" "create" "-v" "/var/lib/crater-agent-workspace/builds/worker-12/target:/opt/rustwide/target:rw,Z" "-v" "/var/lib/crater-agent-workspace/builds/worker-12/source:/opt/rustwide/workdir:ro,Z" "-v" "/var/lib/crater-agent-workspace/cargo-home:/opt/rustwide/cargo-home:ro,Z" "-v" "/var/lib/crater-agent-workspace/rustup-home:/opt/rustwide/rustup-home:ro,Z" "-e" "SOURCE_DIR=/opt/rustwide/workdir" "-e" "CARGO_TARGET_DIR=/opt/rustwide/target" "-e" "CARGO_INCREMENTAL=0" "-e" "RUST_BACKTRACE=full" "-e" "RUSTFLAGS=--cap-lints=forbid" "-e" "CARGO_HOME=/opt/rustwide/cargo-home" "-e" "RUSTUP_HOME=/opt/rustwide/rustup-home" "-w" "/opt/rustwide/workdir" "-m" "1610612736" "--user" "0:0" "--network" "none" "ghcr.io/rust-lang/crates-build-env/linux@sha256:20528e8c29e4536546f0102ce88568b16ea7538393a33fcca951030f7af10457" "/opt/rustwide/cargo-home/bin/cargo" "+881c1ac408d93bb7adaa3a51dabab9266e82eee8" "build" "--frozen" "--message-format=json", kill_on_drop: false }`
[INFO] [stdout] ed7af5ced0edaa2f50d90c7d5905c2f9aea1bb439f6ceee7e938b82dde85a692
[INFO] [stderr] WARNING: Your kernel does not support swap limit capabilities or the cgroup is not mounted. Memory limited without swap.
[INFO] running `Command { std: "docker" "start" "-a" "ed7af5ced0edaa2f50d90c7d5905c2f9aea1bb439f6ceee7e938b82dde85a692", kill_on_drop: false }`
[INFO] [stderr]     Blocking waiting for file lock on package cache
[INFO] [stderr]    Compiling glob v0.0.1 (https://github.com/rust-lang/glob#469a6bc1)
[INFO] [stdout] error: expected identifier, found keyword `mod`
[INFO] [stdout]   --> /opt/rustwide/cargo-home/git/checkouts/glob-c54853cf1634e017/469a6bc/src/lib.rs:33:19
[INFO] [stdout]    |
[INFO] [stdout] 33 | use std::io::fs::{mod, PathExtensions};
[INFO] [stdout]    |                   ^^^ expected identifier, found keyword
[INFO] [stdout]    |
[INFO] [stdout] help: you can escape reserved keywords to use them as identifiers
[INFO] [stdout]    |
[INFO] [stdout] 33 | use std::io::fs::{r#mod, PathExtensions};
[INFO] [stdout]    |                   ^^^^^
[INFO] [stdout] 
[INFO] [stdout] 
[INFO] [stdout] error: invalid suffix `u` for number literal
[INFO] [stdout]    --> /opt/rustwide/cargo-home/git/checkouts/glob-c54853cf1634e017/469a6bc/src/lib.rs:109:36
[INFO] [stdout]     |
[INFO] [stdout] 109 |     let root_len = pat_root.map_or(0u, |p| p.as_vec().len());
[INFO] [stdout]     |                                    ^^ invalid suffix `u`
[INFO] [stdout]     |
[INFO] [stdout]     = help: the suffix must be one of the numeric types (`u32`, `isize`, `f32`, etc.)
[INFO] [stdout] 
[INFO] [stdout] 
[INFO] [stdout] error: invalid suffix `u` for number literal
[INFO] [stdout]    --> /opt/rustwide/cargo-home/git/checkouts/glob-c54853cf1634e017/469a6bc/src/lib.rs:655:24
[INFO] [stdout]     |
[INFO] [stdout] 655 |         for i in range(0u, 10) {
[INFO] [stdout]     |                        ^^ invalid suffix `u`
[INFO] [stdout]     |
[INFO] [stdout]     = help: the suffix must be one of the numeric types (`u32`, `isize`, `f32`, etc.)
[INFO] [stdout] 
[INFO] [stdout] 
[INFO] [stdout] error: invalid suffix `u` for number literal
[INFO] [stdout]    --> /opt/rustwide/cargo-home/git/checkouts/glob-c54853cf1634e017/469a6bc/src/lib.rs:661:24
[INFO] [stdout]     |
[INFO] [stdout] 661 |         for i in range(0u, 10) {
[INFO] [stdout]     |                        ^^ invalid suffix `u`
[INFO] [stdout]     |
[INFO] [stdout]     = help: the suffix must be one of the numeric types (`u32`, `isize`, `f32`, etc.)
[INFO] [stdout] 
[INFO] [stdout] 
[INFO] [stdout] error[E0432]: unresolved import `std::io::fs`
[INFO] [stdout]   --> /opt/rustwide/cargo-home/git/checkouts/glob-c54853cf1634e017/469a6bc/src/lib.rs:33:14
[INFO] [stdout]    |
[INFO] [stdout] 33 | use std::io::fs::{mod, PathExtensions};
[INFO] [stdout]    |              ^^ could not find `fs` in `io`
[INFO] [stdout] 
[INFO] [stdout] 
[INFO] [stdout] error[E0432]: unresolved import `std::path::is_sep`
[INFO] [stdout]   --> /opt/rustwide/cargo-home/git/checkouts/glob-c54853cf1634e017/469a6bc/src/lib.rs:34:5
[INFO] [stdout]    |
[INFO] [stdout] 34 | use std::path::is_sep;
[INFO] [stdout]    |     ^^^^^^^^^^^^^^^^^ no `is_sep` in `path`
[INFO] [stdout] 
[INFO] [stdout] 
[INFO] [stdout] error: cannot find attribute `experimental` in this scope
[INFO] [stdout]   --> /opt/rustwide/cargo-home/git/checkouts/glob-c54853cf1634e017/469a6bc/src/lib.rs:24:4
[INFO] [stdout]    |
[INFO] [stdout] 24 | #![experimental]
[INFO] [stdout]    |    ^^^^^^^^^^^^
[INFO] [stdout] 
[INFO] [stdout] 
[INFO] [stdout] error: cannot find attribute `license` in this scope
[INFO] [stdout]   --> /opt/rustwide/cargo-home/git/checkouts/glob-c54853cf1634e017/469a6bc/src/lib.rs:27:4
[INFO] [stdout]    |
[INFO] [stdout] 27 | #![license = "MIT/ASL2"]
[INFO] [stdout]    |    ^^^^^^^
[INFO] [stdout] 
[INFO] [stdout] 
[INFO] [stdout] error: cannot find attribute `deriving` in this scope
[INFO] [stdout]    --> /opt/rustwide/cargo-home/git/checkouts/glob-c54853cf1634e017/469a6bc/src/lib.rs:186:3
[INFO] [stdout]     |
[INFO] [stdout] 186 | #[deriving(Clone, PartialEq, Eq, PartialOrd, Ord, Hash, Default)]
[INFO] [stdout]     |   ^^^^^^^^
[INFO] [stdout] 
[INFO] [stdout] 
[INFO] [stdout] error: cannot find attribute `deriving` in this scope
[INFO] [stdout]    --> /opt/rustwide/cargo-home/git/checkouts/glob-c54853cf1634e017/469a6bc/src/lib.rs:191:3
[INFO] [stdout]     |
[INFO] [stdout] 191 | #[deriving(Clone, PartialEq, Eq, PartialOrd, Ord, Hash)]
[INFO] [stdout]     |   ^^^^^^^^
[INFO] [stdout] 
[INFO] [stdout] 
[INFO] [stdout] error: cannot find attribute `deriving` in this scope
[INFO] [stdout]    --> /opt/rustwide/cargo-home/git/checkouts/glob-c54853cf1634e017/469a6bc/src/lib.rs:200:3
[INFO] [stdout]     |
[INFO] [stdout] 200 | #[deriving(Clone, PartialEq, Eq, PartialOrd, Ord, Hash)]
[INFO] [stdout]     |   ^^^^^^^^
[INFO] [stdout] 
[INFO] [stdout] 
[INFO] [stdout] error: cannot find attribute `deriving` in this scope
[INFO] [stdout]    --> /opt/rustwide/cargo-home/git/checkouts/glob-c54853cf1634e017/469a6bc/src/lib.rs:206:3
[INFO] [stdout]     |
[INFO] [stdout] 206 | #[deriving(PartialEq)]
[INFO] [stdout]     |   ^^^^^^^^
[INFO] [stdout] 
[INFO] [stdout] 
[INFO] [stdout] error: cannot find attribute `deriving` in this scope
[INFO] [stdout]    --> /opt/rustwide/cargo-home/git/checkouts/glob-c54853cf1634e017/469a6bc/src/lib.rs:571:3
[INFO] [stdout]     |
[INFO] [stdout] 571 | #[deriving(Clone, PartialEq, Eq, PartialOrd, Ord, Hash, Default)]
[INFO] [stdout]     |   ^^^^^^^^
[INFO] [stdout] 
[INFO] [stdout] 
[INFO] [stdout] error[E0433]: failed to resolve: use of undeclared crate or module `fs`
[INFO] [stdout]    --> /opt/rustwide/cargo-home/git/checkouts/glob-c54853cf1634e017/469a6bc/src/lib.rs:176:11
[INFO] [stdout]     |
[INFO] [stdout] 176 |     match fs::readdir(path) {
[INFO] [stdout]     |           ^^ use of undeclared crate or module `fs`
[INFO] [stdout] 
[INFO] [stdout] 
[INFO] [stdout] error[E0433]: failed to resolve: could not find `windows` in `path`
[INFO] [stdout]    --> /opt/rustwide/cargo-home/git/checkouts/glob-c54853cf1634e017/469a6bc/src/lib.rs:559:31
[INFO] [stdout]     |
[INFO] [stdout] 559 |     if cfg!(windows) && path::windows::is_sep(a) && path::windows::is_sep(b) {
[INFO] [stdout]     |                               ^^^^^^^ could not find `windows` in `path`
[INFO] [stdout] 
[INFO] [stdout] 
[INFO] [stdout] error[E0433]: failed to resolve: could not find `windows` in `path`
[INFO] [stdout]    --> /opt/rustwide/cargo-home/git/checkouts/glob-c54853cf1634e017/469a6bc/src/lib.rs:559:59
[INFO] [stdout]     |
[INFO] [stdout] 559 |     if cfg!(windows) && path::windows::is_sep(a) && path::windows::is_sep(b) {
[INFO] [stdout]     |                                                           ^^^^^^^ could not find `windows` in `path`
[INFO] [stdout] 
[INFO] [stdout] 
[INFO] [stdout] error[E0412]: cannot find type `Path` in this scope
[INFO] [stdout]   --> /opt/rustwide/cargo-home/git/checkouts/glob-c54853cf1634e017/469a6bc/src/lib.rs:43:16
[INFO] [stdout]    |
[INFO] [stdout] 43 |     todo: Vec<(Path,uint)>,
[INFO] [stdout]    |                ^^^^ not found in this scope
[INFO] [stdout]    |
[INFO] [stdout] help: consider importing this struct
[INFO] [stdout]    |
[INFO] [stdout] 31 | use path::Path;
[INFO] [stdout]    |
[INFO] [stdout] 
[INFO] [stdout] 
[INFO] [stdout] error[E0412]: cannot find type `uint` in this scope
[INFO] [stdout]   --> /opt/rustwide/cargo-home/git/checkouts/glob-c54853cf1634e017/469a6bc/src/lib.rs:43:21
[INFO] [stdout]    |
[INFO] [stdout] 39 | pub struct Paths {
[INFO] [stdout]    |                 - help: you might be missing a type parameter: `<uint>`
[INFO] [stdout] ...
[INFO] [stdout] 43 |     todo: Vec<(Path,uint)>,
[INFO] [stdout]    |                     ^^^^ not found in this scope
[INFO] [stdout] 
[INFO] [stdout] 
[INFO] [stdout] error[E0412]: cannot find type `Path` in this scope
[INFO] [stdout]   --> /opt/rustwide/cargo-home/git/checkouts/glob-c54853cf1634e017/469a6bc/src/lib.rs:90:35
[INFO] [stdout]    |
[INFO] [stdout] 39 | pub struct Paths {
[INFO] [stdout]    | ---------------- similarly named struct `Paths` defined here
[INFO] [stdout] ...
[INFO] [stdout] 90 |     fn check_windows_verbatim(_: &Path) -> bool { false }
[INFO] [stdout]    |                                   ^^^^
[INFO] [stdout]    |
[INFO] [stdout] help: a struct with a similar name exists
[INFO] [stdout]    |
[INFO] [stdout] 90 |     fn check_windows_verbatim(_: &Paths) -> bool { false }
[INFO] [stdout]    |                                   ^^^^^
[INFO] [stdout] help: consider importing this struct
[INFO] [stdout]    |
[INFO] [stdout] 31 | use path::Path;
[INFO] [stdout]    |
[INFO] [stdout] 
[INFO] [stdout] 
[INFO] [stdout] error[E0425]: cannot find function `getcwd` in module `os`
[INFO] [stdout]   --> /opt/rustwide/cargo-home/git/checkouts/glob-c54853cf1634e017/469a6bc/src/lib.rs:93:24
[INFO] [stdout]    |
[INFO] [stdout] 93 |     let mut root = os::getcwd();
[INFO] [stdout]    |                        ^^^^^^ not found in `os`
[INFO] [stdout] 
[INFO] [stdout] 
[INFO] [stdout] error[E0433]: failed to resolve: use of undeclared type `Path`
[INFO] [stdout]   --> /opt/rustwide/cargo-home/git/checkouts/glob-c54853cf1634e017/469a6bc/src/lib.rs:94:20
[INFO] [stdout]    |
[INFO] [stdout] 39 | pub struct Paths {
[INFO] [stdout]    | ---------------- similarly named struct `Paths` defined here
[INFO] [stdout] ...
[INFO] [stdout] 94 |     let pat_root = Path::new(pattern).root_path();
[INFO] [stdout]    |                    ^^^^
[INFO] [stdout]    |
[INFO] [stdout] help: a struct with a similar name exists
[INFO] [stdout]    |
[INFO] [stdout] 94 |     let pat_root = Paths::new(pattern).root_path();
[INFO] [stdout]    |                    ^^^^^
[INFO] [stdout] help: consider importing this struct
[INFO] [stdout]    |
[INFO] [stdout] 31 | use path::Path;
[INFO] [stdout]    |
[INFO] [stdout] 
[INFO] [stdout] 
[INFO] [stdout] error[E0412]: cannot find type `uint` in this scope
[INFO] [stdout]    --> /opt/rustwide/cargo-home/git/checkouts/glob-c54853cf1634e017/469a6bc/src/lib.rs:119:44
[INFO] [stdout]     |
[INFO] [stdout] 119 |         assert!(dir_patterns.len() < -1 as uint);
[INFO] [stdout]     |                                            ^^^^ not found in this scope
[INFO] [stdout] 
[INFO] [stdout] 
[INFO] [stdout] error[E0412]: cannot find type `Path` in this scope
[INFO] [stdout]    --> /opt/rustwide/cargo-home/git/checkouts/glob-c54853cf1634e017/469a6bc/src/lib.rs:132:15
[INFO] [stdout]     |
[INFO] [stdout] 39  | pub struct Paths {
[INFO] [stdout]     | ---------------- similarly named struct `Paths` defined here
[INFO] [stdout] ...
[INFO] [stdout] 132 | impl Iterator<Path> for Paths {
[INFO] [stdout]     |               ^^^^
[INFO] [stdout]     |
[INFO] [stdout] help: a struct with a similar name exists
[INFO] [stdout]     |
[INFO] [stdout] 132 | impl Iterator<Paths> for Paths {
[INFO] [stdout]     |               ^^^^^
[INFO] [stdout] help: consider importing this struct
[INFO] [stdout]     |
[INFO] [stdout] 31  | use path::Path;
[INFO] [stdout]     |
[INFO] [stdout] 
[INFO] [stdout] 
[INFO] [stdout] error[E0412]: cannot find type `Path` in this scope
[INFO] [stdout]    --> /opt/rustwide/cargo-home/git/checkouts/glob-c54853cf1634e017/469a6bc/src/lib.rs:134:34
[INFO] [stdout]     |
[INFO] [stdout] 39  | pub struct Paths {
[INFO] [stdout]     | ---------------- similarly named struct `Paths` defined here
[INFO] [stdout] ...
[INFO] [stdout] 134 |     fn next(&mut self) -> Option<Path> {
[INFO] [stdout]     |                                  ^^^^
[INFO] [stdout]     |
[INFO] [stdout] help: a struct with a similar name exists
[INFO] [stdout]     |
[INFO] [stdout] 134 |     fn next(&mut self) -> Option<Paths> {
[INFO] [stdout]     |                                  ^^^^^
[INFO] [stdout] help: consider importing this struct
[INFO] [stdout]     |
[INFO] [stdout] 31  | use path::Path;
[INFO] [stdout]     |
[INFO] [stdout] 
[INFO] [stdout] 
[INFO] [stdout] error[E0412]: cannot find type `uint` in this scope
[INFO] [stdout]    --> /opt/rustwide/cargo-home/git/checkouts/glob-c54853cf1634e017/469a6bc/src/lib.rs:143:29
[INFO] [stdout]     |
[INFO] [stdout] 143 |             if idx == -1 as uint {
[INFO] [stdout]     |                             ^^^^ not found in this scope
[INFO] [stdout] 
[INFO] [stdout] 
[INFO] [stdout] error[E0412]: cannot find type `Path` in this scope
[INFO] [stdout]    --> /opt/rustwide/cargo-home/git/checkouts/glob-c54853cf1634e017/469a6bc/src/lib.rs:175:27
[INFO] [stdout]     |
[INFO] [stdout] 39  | pub struct Paths {
[INFO] [stdout]     | ---------------- similarly named struct `Paths` defined here
[INFO] [stdout] ...
[INFO] [stdout] 175 | fn list_dir_sorted(path: &Path) -> Option<Vec<Path>> {
[INFO] [stdout]     |                           ^^^^
[INFO] [stdout]     |
[INFO] [stdout] help: a struct with a similar name exists
[INFO] [stdout]     |
[INFO] [stdout] 175 | fn list_dir_sorted(path: &Paths) -> Option<Vec<Path>> {
[INFO] [stdout]     |                           ^^^^^
[INFO] [stdout] help: consider importing this struct
[INFO] [stdout]     |
[INFO] [stdout] 31  | use path::Path;
[INFO] [stdout]     |
[INFO] [stdout] 
[INFO] [stdout] 
[INFO] [stdout] error[E0412]: cannot find type `Path` in this scope
[INFO] [stdout]    --> /opt/rustwide/cargo-home/git/checkouts/glob-c54853cf1634e017/469a6bc/src/lib.rs:175:47
[INFO] [stdout]     |
[INFO] [stdout] 39  | pub struct Paths {
[INFO] [stdout]     | ---------------- similarly named struct `Paths` defined here
[INFO] [stdout] ...
[INFO] [stdout] 175 | fn list_dir_sorted(path: &Path) -> Option<Vec<Path>> {
[INFO] [stdout]     |                                               ^^^^
[INFO] [stdout]     |
[INFO] [stdout] help: a struct with a similar name exists
[INFO] [stdout]     |
[INFO] [stdout] 175 | fn list_dir_sorted(path: &Path) -> Option<Vec<Paths>> {
[INFO] [stdout]     |                                               ^^^^^
[INFO] [stdout] help: consider importing this struct
[INFO] [stdout]     |
[INFO] [stdout] 31  | use path::Path;
[INFO] [stdout]     |
[INFO] [stdout] 
[INFO] [stdout] 
[INFO] [stdout] error[E0425]: cannot find value `AnyChar` in this scope
[INFO] [stdout]    --> /opt/rustwide/cargo-home/git/checkouts/glob-c54853cf1634e017/469a6bc/src/lib.rs:241:33
[INFO] [stdout]     |
[INFO] [stdout] 241 |                     tokens.push(AnyChar);
[INFO] [stdout]     |                                 ^^^^^^^ not found in this scope
[INFO] [stdout]     |
[INFO] [stdout] help: consider importing this unit variant
[INFO] [stdout]     |
[INFO] [stdout] 31  | use PatternToken::AnyChar;
[INFO] [stdout]     |
[INFO] [stdout] 
[INFO] [stdout] 
[INFO] [stdout] error[E0425]: cannot find value `AnySequence` in this scope
[INFO] [stdout]    --> /opt/rustwide/cargo-home/git/checkouts/glob-c54853cf1634e017/469a6bc/src/lib.rs:249:33
[INFO] [stdout]     |
[INFO] [stdout] 249 |                     tokens.push(AnySequence);
[INFO] [stdout]     |                                 ^^^^^^^^^^^ not found in this scope
[INFO] [stdout]     |
[INFO] [stdout] help: consider importing this unit variant
[INFO] [stdout]     |
[INFO] [stdout] 31  | use PatternToken::AnySequence;
[INFO] [stdout]     |
[INFO] [stdout] 
[INFO] [stdout] 
[INFO] [stdout] error[E0425]: cannot find function, tuple struct or tuple variant `AnyExcept` in this scope
[INFO] [stdout]    --> /opt/rustwide/cargo-home/git/checkouts/glob-c54853cf1634e017/469a6bc/src/lib.rs:259:45
[INFO] [stdout]     |
[INFO] [stdout] 259 | ...                   tokens.push(AnyExcept(cs));
[INFO] [stdout]     |                                   ^^^^^^^^^ not found in this scope
[INFO] [stdout]     |
[INFO] [stdout] help: consider importing this tuple variant
[INFO] [stdout]     |
[INFO] [stdout] 31  | use PatternToken::AnyExcept;
[INFO] [stdout]     |
[INFO] [stdout] 
[INFO] [stdout] 
[INFO] [stdout] error[E0425]: cannot find function, tuple struct or tuple variant `AnyWithin` in this scope
[INFO] [stdout]    --> /opt/rustwide/cargo-home/git/checkouts/glob-c54853cf1634e017/469a6bc/src/lib.rs:270:45
[INFO] [stdout]     |
[INFO] [stdout] 270 | ...                   tokens.push(AnyWithin(cs));
[INFO] [stdout]     |                                   ^^^^^^^^^ not found in this scope
[INFO] [stdout]     |
[INFO] [stdout] help: consider importing this tuple variant
[INFO] [stdout]     |
[INFO] [stdout] 31  | use PatternToken::AnyWithin;
[INFO] [stdout]     |
[INFO] [stdout] 
[INFO] [stdout] 
[INFO] [stdout] error[E0425]: cannot find function, tuple struct or tuple variant `Char` in this scope
[INFO] [stdout]    --> /opt/rustwide/cargo-home/git/checkouts/glob-c54853cf1634e017/469a6bc/src/lib.rs:278:33
[INFO] [stdout]     |
[INFO] [stdout] 278 |                     tokens.push(Char('['));
[INFO] [stdout]     |                                 ^^^^ not found in this scope
[INFO] [stdout]     |
[INFO] [stdout] help: consider importing this tuple variant
[INFO] [stdout]     |
[INFO] [stdout] 31  | use PatternToken::Char;
[INFO] [stdout]     |
[INFO] [stdout] 
[INFO] [stdout] 
[INFO] [stdout] error[E0425]: cannot find function, tuple struct or tuple variant `Char` in this scope
[INFO] [stdout]    --> /opt/rustwide/cargo-home/git/checkouts/glob-c54853cf1634e017/469a6bc/src/lib.rs:282:33
[INFO] [stdout]     |
[INFO] [stdout] 282 |                     tokens.push(Char(c));
[INFO] [stdout]     |                                 ^^^^ not found in this scope
[INFO] [stdout]     |
[INFO] [stdout] help: consider importing this tuple variant
[INFO] [stdout]     |
[INFO] [stdout] 31  | use PatternToken::Char;
[INFO] [stdout]     |
[INFO] [stdout] 
[INFO] [stdout] 
[INFO] [stdout] error[E0412]: cannot find type `Path` in this scope
[INFO] [stdout]    --> /opt/rustwide/cargo-home/git/checkouts/glob-c54853cf1634e017/469a6bc/src/lib.rs:330:39
[INFO] [stdout]     |
[INFO] [stdout] 39  | pub struct Paths {
[INFO] [stdout]     | ---------------- similarly named struct `Paths` defined here
[INFO] [stdout] ...
[INFO] [stdout] 330 |     pub fn matches_path(&self, path: &Path) -> bool {
[INFO] [stdout]     |                                       ^^^^
[INFO] [stdout]     |
[INFO] [stdout] help: a struct with a similar name exists
[INFO] [stdout]     |
[INFO] [stdout] 330 |     pub fn matches_path(&self, path: &Paths) -> bool {
[INFO] [stdout]     |                                       ^^^^^
[INFO] [stdout] help: consider importing this struct
[INFO] [stdout]     |
[INFO] [stdout] 31  | use path::Path;
[INFO] [stdout]     |
[INFO] [stdout] 
[INFO] [stdout] 
[INFO] [stdout] error[E0425]: cannot find value `Match` in this scope
[INFO] [stdout]    --> /opt/rustwide/cargo-home/git/checkouts/glob-c54853cf1634e017/469a6bc/src/lib.rs:339:53
[INFO] [stdout]     |
[INFO] [stdout] 339 |         self.matches_from(None, str, 0, options) == Match
[INFO] [stdout]     |                                                     ^^^^^ not found in this scope
[INFO] [stdout]     |
[INFO] [stdout] help: consider importing one of these items
[INFO] [stdout]     |
[INFO] [stdout] 31  | use MatchResult::Match;
[INFO] [stdout]     |
[INFO] [stdout] 31  | use std::str::pattern::SearchStep::Match;
[INFO] [stdout]     |
[INFO] [stdout] 
[INFO] [stdout] 
[INFO] [stdout] error[E0412]: cannot find type `Path` in this scope
[INFO] [stdout]    --> /opt/rustwide/cargo-home/git/checkouts/glob-c54853cf1634e017/469a6bc/src/lib.rs:344:44
[INFO] [stdout]     |
[INFO] [stdout] 39  | pub struct Paths {
[INFO] [stdout]     | ---------------- similarly named struct `Paths` defined here
[INFO] [stdout] ...
[INFO] [stdout] 344 |     pub fn matches_path_with(&self, path: &Path, options: MatchOptions) -> bool {
[INFO] [stdout]     |                                            ^^^^
[INFO] [stdout]     |
[INFO] [stdout] help: a struct with a similar name exists
[INFO] [stdout]     |
[INFO] [stdout] 344 |     pub fn matches_path_with(&self, path: &Paths, options: MatchOptions) -> bool {
[INFO] [stdout]     |                                            ^^^^^
[INFO] [stdout] help: consider importing this struct
[INFO] [stdout]     |
[INFO] [stdout] 31  | use path::Path;
[INFO] [stdout]     |
[INFO] [stdout] 
[INFO] [stdout] 
[INFO] [stdout] error[E0412]: cannot find type `uint` in this scope
[INFO] [stdout]    --> /opt/rustwide/cargo-home/git/checkouts/glob-c54853cf1634e017/469a6bc/src/lib.rs:354:24
[INFO] [stdout]     |
[INFO] [stdout] 354 |                     i: uint,
[INFO] [stdout]     |                        ^^^^ not found in this scope
[INFO] [stdout] 
[INFO] [stdout] 
[INFO] [stdout] error[E0425]: cannot find value `EntirePatternDoesntMatch` in this scope
[INFO] [stdout]    --> /opt/rustwide/cargo-home/git/checkouts/glob-c54853cf1634e017/469a6bc/src/lib.rs:375:36
[INFO] [stdout]     |
[INFO] [stdout] 375 | ...                   return EntirePatternDoesntMatch;
[INFO] [stdout]     |                              ^^^^^^^^^^^^^^^^^^^^^^^^ not found in this scope
[INFO] [stdout]     |
[INFO] [stdout] help: consider importing this unit variant
[INFO] [stdout]     |
[INFO] [stdout] 31  | use MatchResult::EntirePatternDoesntMatch;
[INFO] [stdout]     |
[INFO] [stdout] 
[INFO] [stdout] 
[INFO] [stdout] error[E0425]: cannot find value `SubPatternDoesntMatch` in this scope
[INFO] [stdout]    --> /opt/rustwide/cargo-home/git/checkouts/glob-c54853cf1634e017/469a6bc/src/lib.rs:380:36
[INFO] [stdout]     |
[INFO] [stdout] 380 | ...                   return SubPatternDoesntMatch;
[INFO] [stdout]     |                              ^^^^^^^^^^^^^^^^^^^^^ not found in this scope
[INFO] [stdout]     |
[INFO] [stdout] help: consider importing this unit variant
[INFO] [stdout]     |
[INFO] [stdout] 31  | use MatchResult::SubPatternDoesntMatch;
[INFO] [stdout]     |
[INFO] [stdout] 
[INFO] [stdout] 
[INFO] [stdout] error[E0425]: cannot find value `EntirePatternDoesntMatch` in this scope
[INFO] [stdout]    --> /opt/rustwide/cargo-home/git/checkouts/glob-c54853cf1634e017/469a6bc/src/lib.rs:388:32
[INFO] [stdout]     |
[INFO] [stdout] 388 |                         return EntirePatternDoesntMatch;
[INFO] [stdout]     |                                ^^^^^^^^^^^^^^^^^^^^^^^^ not found in this scope
[INFO] [stdout]     |
[INFO] [stdout] help: consider importing this unit variant
[INFO] [stdout]     |
[INFO] [stdout] 31  | use MatchResult::EntirePatternDoesntMatch;
[INFO] [stdout]     |
[INFO] [stdout] 
[INFO] [stdout] 
[INFO] [stdout] error[E0531]: cannot find tuple struct or tuple variant `AnyWithin` in this scope
[INFO] [stdout]    --> /opt/rustwide/cargo-home/git/checkouts/glob-c54853cf1634e017/469a6bc/src/lib.rs:397:25
[INFO] [stdout]     |
[INFO] [stdout] 397 |                         AnyWithin(ref specifiers) => {
[INFO] [stdout]     |                         ^^^^^^^^^ not found in this scope
[INFO] [stdout]     |
[INFO] [stdout] help: consider importing this tuple variant
[INFO] [stdout]     |
[INFO] [stdout] 31  | use PatternToken::AnyWithin;
[INFO] [stdout]     |
[INFO] [stdout] 
[INFO] [stdout] 
[INFO] [stdout] error[E0531]: cannot find tuple struct or tuple variant `AnyExcept` in this scope
[INFO] [stdout]    --> /opt/rustwide/cargo-home/git/checkouts/glob-c54853cf1634e017/469a6bc/src/lib.rs:403:25
[INFO] [stdout]     |
[INFO] [stdout] 403 |                         AnyExcept(ref specifiers) => {
[INFO] [stdout]     |                         ^^^^^^^^^ not found in this scope
[INFO] [stdout]     |
[INFO] [stdout] help: consider importing this tuple variant
[INFO] [stdout]     |
[INFO] [stdout] 31  | use PatternToken::AnyExcept;
[INFO] [stdout]     |
[INFO] [stdout] 
[INFO] [stdout] 
[INFO] [stdout] error[E0531]: cannot find tuple struct or tuple variant `Char` in this scope
[INFO] [stdout]    --> /opt/rustwide/cargo-home/git/checkouts/glob-c54853cf1634e017/469a6bc/src/lib.rs:409:25
[INFO] [stdout]     |
[INFO] [stdout] 409 |                         Char(c2) => {
[INFO] [stdout]     |                         ^^^^ not found in this scope
[INFO] [stdout]     |
[INFO] [stdout] help: consider importing this tuple variant
[INFO] [stdout]     |
[INFO] [stdout] 31  | use PatternToken::Char;
[INFO] [stdout]     |
[INFO] [stdout] 
[INFO] [stdout] 
[INFO] [stdout] error[E0425]: cannot find value `SubPatternDoesntMatch` in this scope
[INFO] [stdout]    --> /opt/rustwide/cargo-home/git/checkouts/glob-c54853cf1634e017/469a6bc/src/lib.rs:417:32
[INFO] [stdout]     |
[INFO] [stdout] 417 |                         return SubPatternDoesntMatch;
[INFO] [stdout]     |                                ^^^^^^^^^^^^^^^^^^^^^ not found in this scope
[INFO] [stdout]     |
[INFO] [stdout] help: consider importing this unit variant
[INFO] [stdout]     |
[INFO] [stdout] 31  | use MatchResult::SubPatternDoesntMatch;
[INFO] [stdout]     |
[INFO] [stdout] 
[INFO] [stdout] 
[INFO] [stdout] error[E0425]: cannot find value `Match` in this scope
[INFO] [stdout]    --> /opt/rustwide/cargo-home/git/checkouts/glob-c54853cf1634e017/469a6bc/src/lib.rs:426:13
[INFO] [stdout]     |
[INFO] [stdout] 426 |             Match
[INFO] [stdout]     |             ^^^^^ not found in this scope
[INFO] [stdout]     |
[INFO] [stdout] help: consider importing one of these items
[INFO] [stdout]     |
[INFO] [stdout] 31  | use MatchResult::Match;
[INFO] [stdout]     |
[INFO] [stdout] 31  | use std::str::pattern::SearchStep::Match;
[INFO] [stdout]     |
[INFO] [stdout] 
[INFO] [stdout] 
[INFO] [stdout] error[E0425]: cannot find value `SubPatternDoesntMatch` in this scope
[INFO] [stdout]    --> /opt/rustwide/cargo-home/git/checkouts/glob-c54853cf1634e017/469a6bc/src/lib.rs:428:13
[INFO] [stdout]     |
[INFO] [stdout] 428 |             SubPatternDoesntMatch
[INFO] [stdout]     |             ^^^^^^^^^^^^^^^^^^^^^ not found in this scope
[INFO] [stdout]     |
[INFO] [stdout] help: consider importing this unit variant
[INFO] [stdout]     |
[INFO] [stdout] 31  | use MatchResult::SubPatternDoesntMatch;
[INFO] [stdout]     |
[INFO] [stdout] 
[INFO] [stdout] 
[INFO] [stdout] error[E0412]: cannot find type `Path` in this scope
[INFO] [stdout]    --> /opt/rustwide/cargo-home/git/checkouts/glob-c54853cf1634e017/469a6bc/src/lib.rs:437:30
[INFO] [stdout]     |
[INFO] [stdout] 39  | pub struct Paths {
[INFO] [stdout]     | ---------------- similarly named struct `Paths` defined here
[INFO] [stdout] ...
[INFO] [stdout] 437 | fn fill_todo(todo: &mut Vec<(Path, uint)>, patterns: &[Pattern], idx: uint, path: &Path,
[INFO] [stdout]     |                              ^^^^
[INFO] [stdout]     |
[INFO] [stdout] help: a struct with a similar name exists
[INFO] [stdout]     |
[INFO] [stdout] 437 | fn fill_todo(todo: &mut Vec<(Paths, uint)>, patterns: &[Pattern], idx: uint, path: &Path,
[INFO] [stdout]     |                              ^^^^^
[INFO] [stdout] help: consider importing this struct
[INFO] [stdout]     |
[INFO] [stdout] 31  | use path::Path;
[INFO] [stdout]     |
[INFO] [stdout] 
[INFO] [stdout] 
[INFO] [stdout] error[E0412]: cannot find type `uint` in this scope
[INFO] [stdout]    --> /opt/rustwide/cargo-home/git/checkouts/glob-c54853cf1634e017/469a6bc/src/lib.rs:437:36
[INFO] [stdout]     |
[INFO] [stdout] 437 | fn fill_todo(todo: &mut Vec<(Path, uint)>, patterns: &[Pattern], idx: uint, path: &Path,
[INFO] [stdout]     |             -                      ^^^^ not found in this scope
[INFO] [stdout]     |             |
[INFO] [stdout]     |             help: you might be missing a type parameter: `<uint>`
[INFO] [stdout] 
[INFO] [stdout] 
[INFO] [stdout] error[E0412]: cannot find type `uint` in this scope
[INFO] [stdout]    --> /opt/rustwide/cargo-home/git/checkouts/glob-c54853cf1634e017/469a6bc/src/lib.rs:437:71
[INFO] [stdout]     |
[INFO] [stdout] 437 | fn fill_todo(todo: &mut Vec<(Path, uint)>, patterns: &[Pattern], idx: uint, path: &Path,
[INFO] [stdout]     |                                                                       ^^^^ not found in this scope
[INFO] [stdout] 
[INFO] [stdout] 
[INFO] [stdout] error[E0412]: cannot find type `Path` in this scope
[INFO] [stdout]    --> /opt/rustwide/cargo-home/git/checkouts/glob-c54853cf1634e017/469a6bc/src/lib.rs:437:84
[INFO] [stdout]     |
[INFO] [stdout] 39  | pub struct Paths {
[INFO] [stdout]     | ---------------- similarly named struct `Paths` defined here
[INFO] [stdout] ...
[INFO] [stdout] 437 | fn fill_todo(todo: &mut Vec<(Path, uint)>, patterns: &[Pattern], idx: uint, path: &Path,
[INFO] [stdout]     |                                                                                    ^^^^
[INFO] [stdout]     |
[INFO] [stdout] help: a struct with a similar name exists
[INFO] [stdout]     |
[INFO] [stdout] 437 | fn fill_todo(todo: &mut Vec<(Path, uint)>, patterns: &[Pattern], idx: uint, path: &Paths,
[INFO] [stdout]     |                                                                                    ^^^^^
[INFO] [stdout] help: consider importing this struct
[INFO] [stdout]     |
[INFO] [stdout] 31  | use path::Path;
[INFO] [stdout]     |
[INFO] [stdout] 
[INFO] [stdout] 
[INFO] [stdout] error[E0531]: cannot find tuple struct or tuple variant `Char` in this scope
[INFO] [stdout]    --> /opt/rustwide/cargo-home/git/checkouts/glob-c54853cf1634e017/469a6bc/src/lib.rs:444:17
[INFO] [stdout]     |
[INFO] [stdout] 444 |                 Char(c) => s.push(c),
[INFO] [stdout]     |                 ^^^^ not found in this scope
[INFO] [stdout]     |
[INFO] [stdout] help: consider importing this tuple variant
[INFO] [stdout]     |
[INFO] [stdout] 31  | use PatternToken::Char;
[INFO] [stdout]     |
[INFO] [stdout] 
[INFO] [stdout] 
[INFO] [stdout] error[E0412]: cannot find type `Path` in this scope
[INFO] [stdout]    --> /opt/rustwide/cargo-home/git/checkouts/glob-c54853cf1634e017/469a6bc/src/lib.rs:451:46
[INFO] [stdout]     |
[INFO] [stdout] 39  | pub struct Paths {
[INFO] [stdout]     | ---------------- similarly named struct `Paths` defined here
[INFO] [stdout] ...
[INFO] [stdout] 451 |     let add = |todo: &mut Vec<_>, next_path: Path| {
[INFO] [stdout]     |                                              ^^^^
[INFO] [stdout]     |
[INFO] [stdout] help: a struct with a similar name exists
[INFO] [stdout]     |
[INFO] [stdout] 451 |     let add = |todo: &mut Vec<_>, next_path: Paths| {
[INFO] [stdout]     |                                              ^^^^^
[INFO] [stdout] help: consider importing this struct
[INFO] [stdout]     |
[INFO] [stdout] 31  | use path::Path;
[INFO] [stdout]     |
[INFO] [stdout] 
[INFO] [stdout] 
[INFO] [stdout] error[E0412]: cannot find type `uint` in this scope
[INFO] [stdout]    --> /opt/rustwide/cargo-home/git/checkouts/glob-c54853cf1634e017/469a6bc/src/lib.rs:456:41
[INFO] [stdout]     |
[INFO] [stdout] 456 |             todo.push((next_path, -1 as uint));
[INFO] [stdout]     |                                         ^^^^ not found in this scope
[INFO] [stdout] 
[INFO] [stdout] 
[INFO] [stdout] error[E0425]: cannot find function, tuple struct or tuple variant `Char` in this scope
[INFO] [stdout]    --> /opt/rustwide/cargo-home/git/checkouts/glob-c54853cf1634e017/469a6bc/src/lib.rs:486:73
[INFO] [stdout]     |
[INFO] [stdout] 486 |                     if pattern.tokens.len() > 0 && pattern.tokens[0] == Char('.') {
[INFO] [stdout]     |                                                                         ^^^^ not found in this scope
[INFO] [stdout]     |
[INFO] [stdout] help: consider importing this tuple variant
[INFO] [stdout]     |
[INFO] [stdout] 31  | use PatternToken::Char;
[INFO] [stdout]     |
[INFO] [stdout] 
[INFO] [stdout] 
[INFO] [stdout] error[E0425]: cannot find function, tuple struct or tuple variant `CharRange` in this scope
[INFO] [stdout]    --> /opt/rustwide/cargo-home/git/checkouts/glob-c54853cf1634e017/469a6bc/src/lib.rs:505:21
[INFO] [stdout]     |
[INFO] [stdout] 505 |             cs.push(CharRange(s[i], s[i + 2]));
[INFO] [stdout]     |                     ^^^^^^^^^ not found in this scope
[INFO] [stdout]     |
[INFO] [stdout] help: consider importing this tuple variant
[INFO] [stdout]     |
[INFO] [stdout] 31  | use CharSpecifier::CharRange;
[INFO] [stdout]     |
[INFO] [stdout] 
[INFO] [stdout] 
[INFO] [stdout] error[E0425]: cannot find function, tuple struct or tuple variant `SingleChar` in this scope
[INFO] [stdout]    --> /opt/rustwide/cargo-home/git/checkouts/glob-c54853cf1634e017/469a6bc/src/lib.rs:508:21
[INFO] [stdout]     |
[INFO] [stdout] 508 |             cs.push(SingleChar(s[i]));
[INFO] [stdout]     |                     ^^^^^^^^^^ not found in this scope
[INFO] [stdout]     |
[INFO] [stdout] help: consider importing this tuple variant
[INFO] [stdout]     |
[INFO] [stdout] 31  | use CharSpecifier::SingleChar;
[INFO] [stdout]     |
[INFO] [stdout] 
[INFO] [stdout] 
[INFO] [stdout] error[E0531]: cannot find tuple struct or tuple variant `SingleChar` in this scope
[INFO] [stdout]    --> /opt/rustwide/cargo-home/git/checkouts/glob-c54853cf1634e017/469a6bc/src/lib.rs:519:13
[INFO] [stdout]     |
[INFO] [stdout] 519 |             SingleChar(sc) => {
[INFO] [stdout]     |             ^^^^^^^^^^ not found in this scope
[INFO] [stdout]     |
[INFO] [stdout] help: consider importing this tuple variant
[INFO] [stdout]     |
[INFO] [stdout] 31  | use CharSpecifier::SingleChar;
[INFO] [stdout]     |
[INFO] [stdout] 
[INFO] [stdout] 
[INFO] [stdout] error[E0531]: cannot find tuple struct or tuple variant `CharRange` in this scope
[INFO] [stdout]    --> /opt/rustwide/cargo-home/git/checkouts/glob-c54853cf1634e017/469a6bc/src/lib.rs:524:13
[INFO] [stdout]     |
[INFO] [stdout] 524 |             CharRange(start, end) => {
[INFO] [stdout]     |             ^^^^^^^^^ not found in this scope
[INFO] [stdout]     |
[INFO] [stdout] help: consider importing this tuple variant
[INFO] [stdout]     |
[INFO] [stdout] 31  | use CharSpecifier::CharRange;
[INFO] [stdout]     |
[INFO] [stdout] 
[INFO] [stdout] 
[INFO] [stdout] error[E0107]: this trait takes 0 type arguments but 1 type argument was supplied
[INFO] [stdout]    --> /opt/rustwide/cargo-home/git/checkouts/glob-c54853cf1634e017/469a6bc/src/lib.rs:132:6
[INFO] [stdout]     |
[INFO] [stdout] 132 | impl Iterator<Path> for Paths {
[INFO] [stdout]     |      ^^^^^^^^------ help: remove these generics
[INFO] [stdout]     |      |
[INFO] [stdout]     |      expected 0 type arguments
[INFO] [stdout]     |
[INFO] [stdout] note: trait defined here, with 0 type parameters
[INFO] [stdout] 
[INFO] [stdout] 
[INFO] [stdout] error[E0046]: not all trait items implemented, missing: `Item`
[INFO] [stdout]    --> /opt/rustwide/cargo-home/git/checkouts/glob-c54853cf1634e017/469a6bc/src/lib.rs:132:1
[INFO] [stdout]     |
[INFO] [stdout] 132 | impl Iterator<Path> for Paths {
[INFO] [stdout]     | ^^^^^^^^^^^^^^^^^^^^^^^^^^^^^ missing `Item` in implementation
[INFO] [stdout]     |
[INFO] [stdout]     = help: implement the missing item: `type Item = Type;`
[INFO] [stdout] 
[INFO] [stdout] 
[INFO] [stdout] error[E0599]: no method named `slice_from` found for reference `&str` in the current scope
[INFO] [stdout]    --> /opt/rustwide/cargo-home/git/checkouts/glob-c54853cf1634e017/469a6bc/src/lib.rs:110:32
[INFO] [stdout]     |
[INFO] [stdout] 110 |     let dir_patterns = pattern.slice_from(cmp::min(root_len, pattern.len()))
[INFO] [stdout]     |                                ^^^^^^^^^^ method not found in `&str`
[INFO] [stdout] 
[INFO] [stdout] 
[INFO] [stdout] error[E0599]: no method named `slice_from` found for struct `Vec<char>` in the current scope
[INFO] [stdout]    --> /opt/rustwide/cargo-home/git/checkouts/glob-c54853cf1634e017/469a6bc/src/lib.rs:254:37
[INFO] [stdout]     |
[INFO] [stdout] 254 |                         match chars.slice_from(i + 3).position_elem(&']') {
[INFO] [stdout]     |                                     ^^^^^^^^^^ method not found in `Vec<char>`
[INFO] [stdout] 
[INFO] [stdout] 
[INFO] [stdout] error[E0599]: no method named `slice` found for struct `Vec<char>` in the current scope
[INFO] [stdout]    --> /opt/rustwide/cargo-home/git/checkouts/glob-c54853cf1634e017/469a6bc/src/lib.rs:257:51
[INFO] [stdout]     |
[INFO] [stdout] 257 | ...                   let chars = chars.slice(i + 2, i + 3 + j);
[INFO] [stdout]     |                                         ^^^^^
[INFO] [stdout]     |
[INFO] [stdout]     = help: items from traits can only be used if the trait is in scope
[INFO] [stdout] help: the following trait is implemented but not in scope; perhaps add a `use` for it:
[INFO] [stdout]     |
[INFO] [stdout] 31  | use std::collections::vec_deque::ring_slices::RingSlices;
[INFO] [stdout]     |
[INFO] [stdout] help: there is an associated function with a similar name
[INFO] [stdout]     |
[INFO] [stdout] 257 |                                 let chars = chars.splice(i + 2, i + 3 + j);
[INFO] [stdout]     |                                                   ^^^^^^
[INFO] [stdout] 
[INFO] [stdout] 
[INFO] [stdout] error[E0599]: no method named `slice_from` found for struct `Vec<char>` in the current scope
[INFO] [stdout]    --> /opt/rustwide/cargo-home/git/checkouts/glob-c54853cf1634e017/469a6bc/src/lib.rs:266:37
[INFO] [stdout]     |
[INFO] [stdout] 266 |                         match chars.slice_from(i + 2).position_elem(&']') {
[INFO] [stdout]     |                                     ^^^^^^^^^^ method not found in `Vec<char>`
[INFO] [stdout] 
[INFO] [stdout] 
[INFO] [stdout] error[E0599]: no method named `slice` found for struct `Vec<char>` in the current scope
[INFO] [stdout]    --> /opt/rustwide/cargo-home/git/checkouts/glob-c54853cf1634e017/469a6bc/src/lib.rs:269:70
[INFO] [stdout]     |
[INFO] [stdout] 269 | ...                   let cs = parse_char_specifiers(chars.slice(i + 1, i + 2 + j));
[INFO] [stdout]     |                                                            ^^^^^
[INFO] [stdout]     |
[INFO] [stdout]     = help: items from traits can only be used if the trait is in scope
[INFO] [stdout] help: the following trait is implemented but not in scope; perhaps add a `use` for it:
[INFO] [stdout]     |
[INFO] [stdout] 31  | use std::collections::vec_deque::ring_slices::RingSlices;
[INFO] [stdout]     |
[INFO] [stdout] help: there is an associated function with a similar name
[INFO] [stdout]     |
[INFO] [stdout] 269 |                                 let cs = parse_char_specifiers(chars.splice(i + 1, i + 2 + j));
[INFO] [stdout]     |                                                                      ^^^^^^
[INFO] [stdout] 
[INFO] [stdout] 
[INFO] [stdout] error[E0599]: no method named `slice_from` found for struct `Vec<PatternToken>` in the current scope
[INFO] [stdout]    --> /opt/rustwide/cargo-home/git/checkouts/glob-c54853cf1634e017/469a6bc/src/lib.rs:365:40
[INFO] [stdout]     |
[INFO] [stdout] 365 |         for (ti, token) in self.tokens.slice_from(i).iter().enumerate() {
[INFO] [stdout]     |                                        ^^^^^^^^^^ method not found in `Vec<PatternToken>`
[INFO] [stdout] 
[INFO] [stdout] 
[INFO] [stdout] error[E0599]: no method named `slice_shift_char` found for reference `&str` in the current scope
[INFO] [stdout]    --> /opt/rustwide/cargo-home/git/checkouts/glob-c54853cf1634e017/469a6bc/src/lib.rs:378:51
[INFO] [stdout]     |
[INFO] [stdout] 378 |                         let (some_c, next) = file.slice_shift_char();
[INFO] [stdout]     |                                                   ^^^^^^^^^^^^^^^^ method not found in `&str`
[INFO] [stdout] 
[INFO] [stdout] 
[INFO] [stdout] error[E0599]: no method named `slice_shift_char` found for reference `&str` in the current scope
[INFO] [stdout]    --> /opt/rustwide/cargo-home/git/checkouts/glob-c54853cf1634e017/469a6bc/src/lib.rs:391:47
[INFO] [stdout]     |
[INFO] [stdout] 391 |                     let (some_c, next) = file.slice_shift_char();
[INFO] [stdout]     |                                               ^^^^^^^^^^^^^^^^ method not found in `&str`
[INFO] [stdout] 
[INFO] [stdout] 
[INFO] [stdout] error[E0599]: no method named `as_slice` found for struct `String` in the current scope
[INFO] [stdout]    --> /opt/rustwide/cargo-home/git/checkouts/glob-c54853cf1634e017/469a6bc/src/lib.rs:471:36
[INFO] [stdout]     |
[INFO] [stdout] 471 |             let special = "." == s.as_slice() || ".." == s.as_slice();
[INFO] [stdout]     |                                    ^^^^^^^^ method not found in `String`
[INFO] [stdout] 
[INFO] [stdout] 
[INFO] [stdout] error[E0599]: no method named `as_slice` found for struct `String` in the current scope
[INFO] [stdout]    --> /opt/rustwide/cargo-home/git/checkouts/glob-c54853cf1634e017/469a6bc/src/lib.rs:471:60
[INFO] [stdout]     |
[INFO] [stdout] 471 |             let special = "." == s.as_slice() || ".." == s.as_slice();
[INFO] [stdout]     |                                                            ^^^^^^^^ method not found in `String`
[INFO] [stdout] 
[INFO] [stdout] 
[INFO] [stdout] error[E0599]: no method named `as_slice` found for struct `String` in the current scope
[INFO] [stdout]    --> /opt/rustwide/cargo-home/git/checkouts/glob-c54853cf1634e017/469a6bc/src/lib.rs:472:41
[INFO] [stdout]     |
[INFO] [stdout] 472 |             let next_path = path.join(s.as_slice());
[INFO] [stdout]     |                                         ^^^^^^^^ method not found in `String`
[INFO] [stdout] 
[INFO] [stdout] 
[INFO] [stdout] error[E0599]: no method named `to_ascii` found for type `char` in the current scope
[INFO] [stdout]    --> /opt/rustwide/cargo-home/git/checkouts/glob-c54853cf1634e017/469a6bc/src/lib.rs:540:35
[INFO] [stdout]     |
[INFO] [stdout] 540 |                         let c = c.to_ascii().to_lowercase().to_char();
[INFO] [stdout]     |                                   ^^^^^^^^ help: there is an associated function with a similar name: `is_ascii`
[INFO] [stdout] 
[INFO] [stdout] 
[INFO] [stdout] error[E0599]: no method named `to_ascii` found for type `char` in the current scope
[INFO] [stdout]    --> /opt/rustwide/cargo-home/git/checkouts/glob-c54853cf1634e017/469a6bc/src/lib.rs:563:11
[INFO] [stdout]     |
[INFO] [stdout] 563 |         a.to_ascii().eq_ignore_case(b.to_ascii())
[INFO] [stdout]     |           ^^^^^^^^ help: there is an associated function with a similar name: `is_ascii`
[INFO] [stdout] 
[INFO] [stdout] 
[INFO] [stdout] error[E0599]: no method named `to_ascii` found for type `char` in the current scope
[INFO] [stdout]    --> /opt/rustwide/cargo-home/git/checkouts/glob-c54853cf1634e017/469a6bc/src/lib.rs:563:39
[INFO] [stdout]     |
[INFO] [stdout] 563 |         a.to_ascii().eq_ignore_case(b.to_ascii())
[INFO] [stdout]     |                                       ^^^^^^^^ help: there is an associated function with a similar name: `is_ascii`
[INFO] [stdout] 
[INFO] [stdout] 
[INFO] [stdout] error: aborting due to 74 previous errors
[INFO] [stdout] 
[INFO] [stdout] 
[INFO] [stdout] Some errors have detailed explanations: E0046, E0107, E0412, E0425, E0432, E0433, E0531, E0599.
[INFO] [stdout] 
[INFO] [stdout] For more information about an error, try `rustc --explain E0046`.
[INFO] [stdout] 
[INFO] [stderr] error: could not compile `glob`
[INFO] [stderr] 
[INFO] [stderr] To learn more, run the command again with --verbose.
[INFO] running `Command { std: "docker" "inspect" "ed7af5ced0edaa2f50d90c7d5905c2f9aea1bb439f6ceee7e938b82dde85a692", kill_on_drop: false }`
[INFO] running `Command { std: "docker" "rm" "-f" "ed7af5ced0edaa2f50d90c7d5905c2f9aea1bb439f6ceee7e938b82dde85a692", kill_on_drop: false }`
[INFO] [stdout] ed7af5ced0edaa2f50d90c7d5905c2f9aea1bb439f6ceee7e938b82dde85a692
